w = -4*h + 38, w - 4*h = -9*h + g. What is the remainder when w is divided by n?
5
Let a = 0 + 3. Calculate the remainder when ((-2)/(-6))/(a/153) is divided by 0 + (-8 - -2)*-1.
5
Let s = 16 - 12. Suppose 4*n + s*q = 32, -4*q + 2 = 22. Calculate the remainder when 23 is divided by n.
10
Suppose -3*u + 69 = r - 3, -5*r = -5*u + 100. What is the remainder when 111 is divided by u?
19
Suppose -5*o - m + 26 = -o, -2*o - 4*m = -20. Let x = 5 + -2. Suppose 2*u + 2*w = 36, -x*u - 5*w = -w - 57. Calculate the remainder when u is divided by o.
3
Let l(t) = 7 + 1 + 4*t - 4 + t. Calculate the remainder when 56 is divided by l(3).
18
Let h(x) = x**3 - 14*x**2 + 14*x - 10. What is the remainder when 4 is divided by h(13)?
1
Let v = -16 - -35. Suppose v + 7 = -2*n + 5*f, -5*f + 23 = -n. Let j(h) = -h**2 - 3*h + 2. What is the remainder when 5 is divided by j(n)?
1
Let q = -47 - -88. Suppose 0 = -h - 2*c - 8, 4*h + 9 = -c - 2. Calculate the remainder when q is divided by 19 + h + -2 - 1.
13
Calculate the remainder when 15 is divided by ((-3)/6)/(1/(-12)).
3
Let b(t) = t**2 - 6*t - 6. Let q be b(6). Let m = 9 + q. Calculate the remainder when m is divided by 2.
1
Let q be (-2)/8 - 78/(-24). Calculate the remainder when 6*-2*q/(-12) is divided by 3.
0
Let c(y) be the first derivative of y**4/4 + 13*y**3/3 + 4*y**2 - 2*y - 1. Calculate the remainder when c(-12) is divided by 24.
22
Let i = 10 + -6. Suppose 0 = 3*f - g - 8, 2*g = -4*f + i*g + 8. Calculate the remainder when f is divided by 2.
0
Let q(h) = -2*h - 6. Let i be q(-6). Let x = 6 + i. Suppose -46 = 2*o - 4*o. What is the remainder when o is divided by x?
11
Let p(l) = -l**2 - 15*l + 6. What is the remainder when p(-13) is divided by 11?
10
Let h = 11 - -112. What is the remainder when h is divided by 18?
15
Suppose 141 = -2*q + 5*q. Calculate the remainder when q is divided by 16.
15
Let b = 43 - 31. Calculate the remainder when 59 is divided by b.
11
Let f = 448 + -238. What is the remainder when (6/9)/(4/f) is divided by 19?
16
Let k(d) = d**2 - 3*d - 3. Calculate the remainder when 57 is divided by k(6).
12
What is the remainder when 40 is divided by (44/(-14))/(4/(-28))?
18
Let k = -12 - -32. Let x = -8 + k. Calculate the remainder when 46 is divided by x.
10
Let d(y) = y**3 - 4*y**2 + 2*y + 1. Let k be d(5). Suppose 4*v + k = 4*m - 0*m, -2*m + v = -14. Calculate the remainder when 18 is divided by m.
3
Suppose -3*m = 5*o - 131, 5*m = -4*o + 3*o + 233. Calculate the remainder when m is divided by 16.
15
Suppose -8*b + 151 - 15 = 0. What is the remainder when b is divided by 9?
8
Let v be (1 + 3)/(1 + 1). Suppose -v*p + 33 = -3*i, -2*i - i + 12 = 3*p. Suppose p*q - 5*q = 48. What is the remainder when 34 is divided by q?
10
Suppose 0 = 4*w + o - 70, -5*o = 2*w + 13 - 57. Let v = -7 + 12. Calculate the remainder when w is divided by v.
2
Let z(k) = 3*k**2 - k + 6. Let x be z(7). Suppose 0 = -y - 2*u + 18, -y = -6*y + 4*u + x. What is the remainder when y is divided by 14?
12
Suppose 0 = -y - 3 + 7. Suppose y*f + f = -4*r - 7, -5*r - f + 7 = 0. Suppose -r*s + 12 = -s. What is the remainder when s is divided by 7?
5
Calculate the remainder when (-5)/10*31*-22 is divided by 38.
37
Suppose 6*g = g + 70. What is the remainder when g is divided by 4?
2
Calculate the remainder when (2/(-3) - (-2)/3) + 230 is divided by 33.
32
Suppose 17 = 8*t - 7*t. Calculate the remainder when 67 is divided by t.
16
Suppose 6*w - 2*w = 3*r + 24, -2*r + 7 = 5*w. Suppose 2*d - 4 = -2*d. Calculate the remainder when 1 is divided by d/w*(2 - -1).
0
Suppose 6 + 126 = 6*g. What is the remainder when 63 is divided by g?
19
Suppose w = 5*w - 92. Calculate the remainder when 68 is divided by w.
22
Let v be (-3)/9 + (-16)/(-3). Let j(u) be the third derivative of 3*u**4/8 - 5*u**3/6 + u**2. Calculate the remainder when j(v) is divided by 14.
12
Suppose 3*m - 220 = -m. Suppose -43 = 4*s - 159. What is the remainder when m is divided by s?
26
Suppose 0 = -49*y + 47*y + 62. Calculate the remainder when 61 is divided by y.
30
Calculate the remainder when 2/3 + 662/6 + 0 is divided by 16.
15
Let s(u) = 10*u - 22. What is the remainder when s(7) is divided by 17?
14
Let c be 7 + (-2 - -1) - 2. Let o = c + 2. Calculate the remainder when ((-256)/o)/(-4)*3 is divided by 11.
10
Suppose 5*s - 87 - 193 = 0. Calculate the remainder when s is divided by 10.
6
Suppose -d - 3*i + 3 = -2, 0 = -2*d - 3*i + 19. Let o = 0 + d. Let v(f) = -2*f**3 - 3*f**2 - f + 2. Calculate the remainder when o is divided by v(-2).
6
Calculate the remainder when (-4)/(-4)*(88 - -1) is divided by 45.
44
Suppose -m + 79 = 3*n, 18 + 11 = n + 3*m. Suppose 3*c = c + n. Suppose -95 = -4*t - 2*i + 45, 3*t - 4*i = 127. What is the remainder when t is divided by c?
11
What is the remainder when 138 is divided by ((-14)/(-4))/((-12)/(-96))?
26
Suppose 121 - 111 = x. Calculate the remainder when 17 is divided by x.
7
Let w(t) = -t - 1. Suppose -12 = -b - 0*b. Suppose 3*f + b = -5*s, 3*s - f + 3 + 7 = 0. Calculate the remainder when 4 is divided by w(s).
0
Suppose 5 - 2 = k. Suppose -4*j - i + 64 = -2*i, -k*i = 5*j - 97. What is the remainder when j is divided by (-2)/8 - 100/(-16)?
5
Suppose 0 = c + 5*z - 7, -2*c + 5*c - z = -27. Calculate the remainder when 19 is divided by 4/c*-6 - -7.
9
Let w = 17 - -90. What is the remainder when w is divided by 36?
35
Suppose -4*c - 3*o - 84 = -5*c, 5*o = 5*c - 460. What is the remainder when c is divided by 27?
15
Suppose -16 = -2*k - 2*k. Let s(t) = 2*t - 2. What is the remainder when s(k) is divided by 3?
0
Let m(y) = 29*y - 3. What is the remainder when m(1) is divided by 9?
8
Calculate the remainder when 2 is divided by -3 + 0 - 0 - -5.
0
Let u(c) = 2*c**3 - 2*c**2 - 7*c + 1. What is the remainder when 79 is divided by u(3)?
15
Let b(z) = z**2 - 6*z + 6. Let r = 58 + -100. What is the remainder when ((-68)/(-6))/((-28)/r) is divided by b(6)?
5
Let u = 17 + 8. Suppose 0 = -3*m + h + 15, u = 4*m - 3*h - 0*h. Suppose -f = 2*n - 1, m = -f - 1. Calculate the remainder when 8 is divided by n.
2
Let l = 8 - 4. Let y(h) = 2*h + 7. Let q = 5 - 5. What is the remainder when y(q) is divided by l?
3
Let l(n) = n**3 - 4*n**2 - n**2 - 7*n + 4*n. Suppose -u + 5 = f, -f - 7*u + 15 = -8*u. What is the remainder when l(6) is divided by f?
8
Let o(z) = 4*z - 10. What is the remainder when o(16) is divided by 8?
6
What is the remainder when 88 is divided by ((-1)/1)/((-92)/90 - -1)?
43
Let k(x) = -16*x - 8. Calculate the remainder when 94 is divided by k(-2).
22
Let o = -3 - -7. Suppose o*u + 8 - 24 = 0. Calculate the remainder when u is divided by -1 + (2 - -4 - 2).
1
Suppose 2 + 8 = -z + 2*k, -3*z + 20 = 4*k. Suppose -2*q = 3*t - 0*q + 6, z = t - 2*q + 2. Calculate the remainder when 0 - t/(-1) - -51 is divided by 17.
15
Let l(y) = 8*y - 12. Let b be -1 + 10 - (8 - 5). Calculate the remainder when l(b) is divided by 19.
17
Let m(t) = -t**3 + 18*t**2 - 11*t - 29. Calculate the remainder when m(17) is divided by 20.
13
Suppose -5*a - 2 = -6*a. Suppose 6 = -4*r - 2. Calculate the remainder when a is divided by -1*r/(-2) - -3.
0
Suppose -7*c - 16 = -3*c. Let g(r) = -8*r - 7. Calculate the remainder when g(c) is divided by 7.
4
Let s = 46 - 32. Let u(o) = 17*o + 60. Calculate the remainder when u(-2) is divided by s.
12
Let j(f) = 2*f**2 + 2. Let a be j(-2). Suppose a = -4*x + 30. Calculate the remainder when 14 is divided by x.
4
Let k(f) = -f**2 - 14*f - 14. Calculate the remainder when 54 is divided by k(-11).
16
Suppose 3*k - 65 = -4*r, -4*k - 71 = -4*r - 9*k. What is the remainder when 26 is divided by r?
12
Let s be 1 + -3 + 2 + -6. Calculate the remainder when 31 is divided by ((-22)/(-4))/(s/(-12)).
9
Let o = -332 - -202. Calculate the remainder when (-2)/9 + o/(-18) is divided by 4.
3
Calculate the remainder when 144/2 - 0/(-4) is divided by 38.
34
Suppose -m + 5 = 0, o = -2*o + m + 13. Let w(l) = -2*l + 5. Calculate the remainder when w(-9) is divided by o.
5
Let a = -13 - -24. Calculate the remainder when a is divided by 2.
1
Let n = 7 + -6. Calculate the remainder when 13 is divided by -2 + n + 7 + 1.
6
What is the remainder when 20 is divided by 9 - (-9)/(36/8)?
9
Suppose l = 2 - 6. Let z = l - -8. What is the remainder when 22 is divided 